36?
162
Calculate the highest common divisor of 57200 and 551584.
176
Calculate the highest common divisor of 29301132 and 23856.
5964
Calculate the greatest common divisor of 9008 and 5601287.
563
What is the highest common divisor of 1879 and 1018355993?
1879
What is the greatest common divisor of 83370 and 1210?
10
Calculate the highest common factor of 110 and 4595470.
110
Calculate the highest common factor of 769816 and 14104.
328
Calculate the greatest common divisor of 113646 and 5265.
39
What is the greatest common factor of 25768476 and 1588?
1588
Calculate the highest common divisor of 626736 and 65043.
33
What is the greatest common divisor of 34173414 and 10494?
198
Calculate the greatest common divisor of 1468 and 867977020.
1468
Calculate the highest common factor of 211344 and 102.
102
What is the highest common factor of 1068 and 1664478?
534
What is the highest common factor of 3159 and 111851064?
351
Calculate the highest common factor of 893832 and 4008.
24
What is the greatest common divisor of 45 and 499186845?
45
Calculate the greatest common divisor of 6210 and 1109835.
135
What is the highest common divisor of 550 and 20822050?
50
Calculate the highest common factor of 83196 and 252.
36
What is the highest common divisor of 6303 and 31548?
33
Calculate the greatest common factor of 10323292 and 504.
28
What is the highest common factor of 3831135 and 1395?
465
Calculate the highest common divisor of 3452 and 2501837.
863
Calculate the greatest common divisor of 71 and 1323671957.
71
Calculate the highest common divisor of 205138 and 1477370.
1882
Calculate the greatest common divisor of 50088 and 139464.
24
Calculate the greatest common factor of 43175 and 26900.
25
Calculate the highest common factor of 93231588 and 3252.
3252
What is the greatest common divisor of 96 and 14192944?
16
What is the highest common divisor of 1647 and 20292687?
1647
What is the greatest common divisor of 148 and 15530787?
37
Calculate the greatest common divisor of 52 and 1163044.
4
Calculate the highest common divisor of 924 and 12336856.
28
What is the highest common divisor of 100 and 5082675?
25
What is the greatest common factor of 154 and 80963652?
154
Calculate the greatest common factor of 24 and 107144094.
6
Calculate the greatest common factor of 1079650 and 526537.
1661
What is the highest common divisor of 11 and 9886657?
11
What is the highest common factor of 39116 and 965454?
1778
Calculate the highest common divisor of 3402135 and 145.
145
Calculate the highest common divisor of 2679086 and 4.
2
Calculate the highest common divisor of 454 and 27270872.
454
What is the greatest common factor of 64 and 111881560?
8
What is the highest common factor of 176 and 90027728?
16
Calculate the greatest common factor of 3045255340 and 698.
698
Calculate the greatest common divisor of 824022512 and 32.
16
What is the greatest common factor of 1382230 and 953090?
4990
Calculate the highest common divisor of 57409570 and 4625.
185
Calculate the highest common factor of 418875 and 2823.
3
Calculate the greatest common divisor of 727184 and 6016.
752
Calculate the greatest common factor of 32062476 and 16.
4
Calculate the highest common factor of 116441 and 3094.
13
Calculate the greatest common divisor of 2189 and 74888.
11
What is the greatest common divisor of 580 and 17323092?
116
Calculate the greatest common factor of 14 and 122916920.
14
What is the highest common factor of 1783 and 349041863?
1783
What is the highest common factor of 2380 and 1401395?
85
Calculate the highest common divisor of 79 and 973038971.
79
What is the highest common divisor of 24520301 and 14507?
89
What is the highest common divisor of 82579680 and 15?
15
What is the highest common divisor of 12243665 and 245?
35
Calculate the highest common factor of 3 and 138433062.
3
Calculate the greatest common divisor of 5369175 and 127890.
2205
What is the greatest common factor of 50 and 58425025?
25
Calculate the greatest common factor of 5260195 and 20.
5
Calculate the highest common factor of 207411759 and 81.
81
Calculate the greatest common factor of 233499219 and 1146.
573
Calculate the highest common factor of 341891 and 1925.
11
Calculate the greatest common factor of 12575 and 8725.
25
What is the greatest common divisor of 75364 and 95118?
166
What is the highest common divisor of 1730 and 8365415?
865
Calculate the highest common factor of 12664 and 162216.
8
Calculate the greatest common divisor of 13853391 and 987.
141
Calculate the greatest common factor of 8025 and 14516583.
321
What is the highest common factor of 1644122 and 959962?
2138
Calculate the greatest common divisor of 89559 and 248.
31
Calculate the greatest common factor of 626388 and 924.
84
What is the greatest common divisor of 652 and 347984462?
326
What is the highest common divisor of 91317513 and 26145?
1743
What is the greatest common factor of 22797 and 37602385?
2533
What is the highest common factor of 23246329 and 1653?
19
Calculate the greatest common factor of 1867372 and 260.
52
What is the greatest common factor of 95024313 and 81?
27
What is the greatest common factor of 16485309 and 27?
27
What is the highest common divisor of 234263 and 19337?
317
What is the highest common factor of 2112 and 200848296?
264
What is the greatest common divisor of 131100825 and 41375?
8275
Calculate the highest common factor of 42 and 6224106.
42
Calculate the greatest common divisor of 20634 and 1331273.
19
Calculate the highest common divisor of 60 and 124540.
20
Calculate the highest common divisor of 10863 and 3952143.
153
Calculate the greatest common factor of 3432 and 371624.
88
Calculate the greatest common divisor of 738034 and 638.
22
Calculate the highest common divisor of 380 and 5823785.
95
Calculate the greatest common factor of 448 and 445888.
64
Calculate the highest common factor of 263698190 and 70.
70
What is the highest common divisor of 1664712 and 116046?
378
Calculate the greatest common divisor of 86122499 and 257.
257
What is the highest common divisor of 10 and 290051720?
10
What is the greatest common factor of 225428 and 959?
7
What is the greatest common divisor of 9545 and 100845?
415
Calculate the highest common divisor of 76886 and 14282.
74
What is the greatest common divisor of 218133 and 20331?
81
What is the highest common divisor of 327817 and 105?
7
Calculate the highest common divisor of 16446325 and 1575.
175
Calculate the greatest common divisor of 1125 and 941679.
9
Calculate the greatest common divisor of 76907220 and 14040.
780
Calculate the highest common factor of 2674 and 27706.
14
Calculate the highest common divisor of 233 and 1434286022.
233
What is the highest common factor of 856 and 1671832?
8
Calculate the highest common factor of 401315 and 185.
5
What is the highest common divisor of 110172742 and 5042?
5042
What is the greatest common factor of 4172 and 3814412?
28
What is the greatest common factor of 3466 and 886?
2
Calculate the greatest common divisor of 1564 and 2102407.
391
Calculate the highest common factor of 2229 and 390747415.
743
Calculate the greatest common factor of 7764256 and 64.
32
What is the highest common divisor of 8970 and 11776?
46
What is the greatest common divisor of 169358428 and 8?
4
What is the highest common factor of 1628 and 2926552?
148
Calculate the greatest common divisor of 1766941 and 638.
319
What is the highest common factor of 1840 and 5553580?
460
Calculate the greatest common factor of 17017965 and 604395.
4995
What is the highest common factor of 2504 and 27421930?
626
What is the highest common factor of 1292482 and 5540?
554
What is the highest common factor of 805894794 and 2676?
1338
What is the greatest common factor of 298 and 359282806?
298
What is the highest common divisor of 26024399 and 272?
17
Calculate the greatest common factor of 711704 and 64440.
1432
What is the greatest common factor of 131 and 77686799?
131
Calculate the highest common divisor of 10352360 and 80.
40
Calculate the highest common factor of 1387346 and 12032.
94
What is the greatest common factor of 1106004510 and 117?
117
Calculate the highest common factor of 407284 and 132848.
1748
What is the gre